156 a factor of 21133?
False
Does 443 divide 974776?
False
Is 21 a factor of 5219157?
False
Does 638 divide 530816?
True
Does 7 divide 92293?
False
Does 8 divide 418227?
False
Is 235896 a multiple of 3?
True
Does 26 divide 32344?
True
Is 25 a factor of 25900?
True
Is 19 a factor of 7307590?
True
Is 112 a factor of 30800?
True
Is 71 a factor of 104268?
False
Is 78498 a multiple of 178?
True
Does 243 divide 399085?
False
Is 187 a factor of 3191227?
False
Does 2 divide 6984?
True
Is 78230 a multiple of 10?
True
Is 243 a factor of 2039403?
False
Is 234260 a multiple of 221?
True
Does 41 divide 19915940?
False
Is 893 a factor of 7240444?
True
Is 12 a factor of 6175?
False
Is 10 a factor of 15680?
True
Is 239 a factor of 36564?
False
Does 1758 divide 29719279?
False
Does 107 divide 25992?
False
Is 506 a factor of 2246773?
False
Is 274119 a multiple of 67?
False
Is 8 a factor of 89077?
False
Is 38350 a multiple of 76?
False
Is 2273685 a multiple of 869?
False
Is 106 a factor of 12190?
True
Does 90 divide 1295571?
False
Does 119 divide 558229?
True
Is 53 a factor of 2583008?
True
Is 23907 a multiple of 9?
False
Does 424 divide 1447112?
True
Is 1250 a factor of 9367793?
False
Does 463 divide 423197?
False
Is 7 a factor of 1265674?
False
Is 51 a factor of 9548?
False
Is 61 a factor of 374542?
False
Does 2 divide 295173?
False
Does 93 divide 731618?
False
Is 66 a factor of 534666?
True
Is 11 a factor of 10109528?
True
Is 50388 a multiple of 6?
True
Is 105 a factor of 375906?
False
Is 10065 a multiple of 7?
False
Is 55 a factor of 3410?
True
Does 51 divide 137649?
True
Is 107602 a multiple of 1055?
False
Is 3761505 a multiple of 85?
True
Is 56689 a multiple of 100?
False
Is 7 a factor of 8946255?
False
Does 109 divide 1665719?
False
Is 96084 a multiple of 7?
False
Does 35 divide 209230?
True
Is 214 a factor of 28573?
False
Is 30973 a multiple of 10?
False
Does 61 divide 4485634?
False
Does 108 divide 4486644?
True
Is 32 a factor of 332384?
True
Is 1587442 a multiple of 1176?
False
Is 570355 a multiple of 37?
True
Is 210 a factor of 180043?
False
Is 1724032 a multiple of 8?
True
Is 182 a factor of 3028844?
True
Is 27 a factor of 832032?
True
Is 10 a factor of 2482340?
True
Is 5710581 a multiple of 81?
True
Is 106964 a multiple of 34?
True
Does 33 divide 1235025?
True
Does 235 divide 2831701?
False
Does 10 divide 9940?
True
Is 33215 a multiple of 35?
True
Is 5904 a multiple of 246?
True
Is 809 a factor of 4263430?
True
Is 132771 a multiple of 12?
False
Is 78 a factor of 6749340?
True
Is 479020 a multiple of 172?
True
Is 1944672 even?
True
Is 226 a factor of 3130552?
True
Is 1526667 a multiple of 18?
False
Is 7 a factor of 52322?
False
Is 80388 a multiple of 174?
True
Is 15274 a multiple of 37?
False
Does 746 divide 4460334?
True
Does 65 divide 655915?
True
Is 116160 a multiple of 6?
True
Is 17 a factor of 665873?
True
Is 103 a factor of 1062548?
True
Is 7057511 a multiple of 664?
False
Is 8 a factor of 5021863?
False
Is 2729014 a multiple of 523?
True
Is 95011 a multiple of 48?
False
Is 13 a factor of 697879?
True
Does 20 divide 342725?
False
Is 1112276 a multiple of 574?
False
Is 273935 a multiple of 306?
False
Is 296 a factor of 1404520?
True
Is 96775 a multiple of 49?
True
Is 6084646 a multiple of 110?
False
Is 4 a factor of 31917?
False
Is 256 a factor of 3758848?
True
Is 85 a factor of 358928?
False
Is 36108 a multiple of 59?
True
Does 136 divide 5137128?
True
Is 292 a factor of 1343784?
True
Is 5 a factor of 4179?
False
Is 158100 a multiple of 22?
False
Does 129 divide 464787?
True
Is 245 a factor of 880775?
True
Does 80 divide 1105869?
False
Is 7357290 a multiple of 233?
False
Is 3381568 a multiple of 16?
True
Does 80 divide 12302720?
True
Does 863 divide 7854163?
True
Is 16 a factor of 5449740?
False
Is 932800 a multiple of 352?
True
Is 23 a factor of 5006433?
True
Is 1120948 a multiple of 284?
True
Is 86316 a multiple of 6?
True
Is 304 a factor of 109213?
False
Does 9 divide 937742?
False
Does 50 divide 60250?
True
Does 19 divide 808411?
False
Is 1209923 a multiple of 4?
False
Is 2 a factor of 310227?
False
Is 2517760 a multiple of 160?
True
Does 79 divide 15326?
True
Is 31 a factor of 5780136?
True
Is 4332841 a multiple of 159?
False
Is 10 a factor of 1297670?
True
Does 501 divide 10445399?
False
Does 282 divide 7556728?
False
Is 256834 a multiple of 457?
True
Is 567 a factor of 855921?
False
Is 317988 a multiple of 33?
True
Does 5 divide 2745050?
True
Does 160 divide 9122400?
True
Is 3851478 a multiple of 37?
True
Is 24 a factor of 7439088?
True
Does 12 divide 85716?
True
Does 108 divide 285444?
True
Does 38 divide 942030?
False
Does 260 divide 39000?
True
Does 54 divide 711676?
False
Does 210 divide 44940?
True
Is 80 a factor of 189471?
False
Is 160809 a multiple of 82?
False
Does 50 divide 36050?
True
Is 39 a factor of 198836?
False
Is 3172 a multiple of 126?
False
Does 19 divide 1021800?
False
Is 785484 a multiple of 18?
True
Is 2228022 a multiple of 18?
True
Does 13 divide 20761?
True
Is 106 a factor of 1371004?
True
Does 17 divide 725195?
False
Is 1118599 a multiple of 355?
False
Is 11 a factor of 13585124?
False
Is 339 a factor of 333237?
True
Is 556668 a multiple of 329?
True
Is 9020160 a multiple of 40?
True
Does 29 divide 1394436?
True
Is 11 a factor of 4663604?
True
Is 60 a factor of 1393851?
False
Is 17 a factor of 853289?
False
Is 442 a factor of 4533499?
False
Does 42 divide 15987?
False
Is 6 a factor of 722622?
True
Is 35292 a multiple of 20?
False
Does 163 divide 6287403?
False
Does 709 divide 12096958?
True
Is 15811072 a multiple of 11?
False
Is 562123 even?
False
Is 47341 a multiple of 34?
False
Is 88 a factor of 1121384?
True
Does 11 divide 1273569?
True
Is 70 a factor of 71260?
True
Is 280 a factor of 174665?
False
Is 369 a factor of 8817201?
False
Is 748 a factor of 537888?
False
Does 568 divide 32434?
False
Does 15 divide 12138?
False
Is 71 a factor of 310670?
False
Is 145360 a multiple of 5?
True
Is 914463 a multiple of 42?
False
Is 145173 a multiple of 651?
True
Is 10 a factor of 8672470?
True
Does 2 divide 47463?
False
Is 9 a factor of 8564429?
False
Is 265147 a multiple of 90?
False
Is 69882 a multiple of 79?
False
Is 9071919 a multiple of 27?
True
Does 740 divide 315980?
True
Is 72 a factor of 677088?
True
Is 70216 a multiple of 8?
True
Is 23 a factor of 176285?
False
Does 56 divide 1099056?
True
Does 20 divide 169000?
True
Is 33 a factor of 89199?
True
Is 175 a factor of 11968950?
True
Is 39 a factor of 10841749?
False
Is 66 a factor of 53262?
True
Does 610 divide 151695?
False
Is 3603508 a multiple of 3?
False
Is 3 a factor of 25314?
True
Is 39 a factor of 11755?
False
Is 140980 a multiple of 60?
False
Does 76 divide 104985?
False
Is 957022 a multiple of 257?
False
Does 251 divide 192266?
True
Is 1782 a factor of 6965838?
True
Is 82 a factor of 54284?
True
Does 75 divide 2162625?
True
Is 8276400 a multiple of 18?
True
Is 294072 a multiple of 6?
True
Is 124 a factor of 443130?
False
Does 8 divide 124781?
False
Is 474808 a multiple of 138?
False
Does 29 divide 336957?
False
Is 6 a factor of 200239?
False
Is 8 a factor of 23488?
True
Is 116064 a multiple of 248?
True
Is 137069 a multiple of 13?
False
Is 35988 a multiple of 4?
True
Does 475 divide 85878?
False
Does 24 divide 165560?
False
Is 759592 a multiple of 3?
False
Does 52 divide 1790464?
True
Does 70 divide 8960?
True
Is 14973807 a multiple of 1144?
False
Is 18390114 a multiple of 18?
True
Is 37 a factor of 59723?
False
Is 268 a factor of 267464?
True
Is 21 a factor of 248662?
False
Is 296008 a multiple of 5?
False
Is 9761509 a multiple of 59?
False
Is 37 a factor of 35150?
True
Is 71352 a multiple of 60?
False
Is 352082 a multiple of 11?
False
Is 2081520 a multiple of 30?
True
Is 435211 a multiple of 186?
False
Does 323 divide 31391876?
False
Is 139 a factor of 21128?
True
Is 8 a factor of 488952?
True
Does 8 divide 13285541?
False
Does 1118 divide 19248606?
True
Is 10919330 a multiple of 383?
True
Is 15 a factor of 201788?
False
Does 111 divide 1014762?
True
Does 2 divide 177934?
True
Is 5779293 a multiple of 13?
True
Is 165760 a multiple of 296?
True
Does 32 divide 94883?
False
Does 12 divide 805188?
True
Does 14 divide 35672?
True
Is 19 a factor of 7694183?